{"id":1083,"date":"2019-02-18T16:18:01","date_gmt":"2019-02-18T15:18:01","guid":{"rendered":"http:\/\/lherbalie.org\/?page_id=1083"},"modified":"2026-01-14T09:46:29","modified_gmt":"2026-01-14T08:46:29","slug":"le-prochain-sejour-aura-lieu-du-1-au-7-mai-2022","status":"publish","type":"page","link":"https:\/\/lherbalie.org\/?page_id=1083","title":{"rendered":"Se former pour sa sant\u00e9"},"content":{"rendered":"\n<p class=\"has-text-align-center\"><strong>&#8230;.<\/strong><\/p>\n\n\n\n<h2 class=\"wp-block-heading\"><strong>Les s\u00e9jours 2026<\/strong><\/h2>\n\n\n\n<ul>\n<li>12 au 17 MAI \u00e0 Charousse<strong>, Immersion Je\u00fbne, <\/strong>Dr\u00f4me (fly ci dessous)<\/li>\n\n\n\n<li>19 au 21 JUIN \u00e0 Charousse,<strong> Plantes et Postures <\/strong>avec Clo\u00e9 Bernat, Dr\u00f4me (fly dessous &#8211; dessous!)<\/li>\n\n\n\n<li>D&rsquo;autres \u00e0 venir&#8230;<\/li>\n<\/ul>\n\n\n<div class=\"wp-block-image\">\n<figure class=\"aligncenter size-full is-resized\"><img loading=\"lazy\" decoding=\"async\" width=\"1414\" height=\"2000\" src=\"http:\/\/lherbalie.org\/wp-content\/uploads\/2025\/12\/1-1.jpg\" alt=\"\" class=\"wp-image-2257\" style=\"width:457px;height:auto\" srcset=\"https:\/\/lherbalie.org\/wp-content\/uploads\/2025\/12\/1-1.jpg 1414w, https:\/\/lherbalie.org\/wp-content\/uploads\/2025\/12\/1-1-212x300.jpg 212w, https:\/\/lherbalie.org\/wp-content\/uploads\/2025\/12\/1-1-724x1024.jpg 724w, https:\/\/lherbalie.org\/wp-content\/uploads\/2025\/12\/1-1-768x1086.jpg 768w, https:\/\/lherbalie.org\/wp-content\/uploads\/2025\/12\/1-1-1086x1536.jpg 1086w, https:\/\/lherbalie.org\/wp-content\/uploads\/2025\/12\/1-1-1024x1448.jpg 1024w, https:\/\/lherbalie.org\/wp-content\/uploads\/2025\/12\/1-1-764x1080.jpg 764w, https:\/\/lherbalie.org\/wp-content\/uploads\/2025\/12\/1-1-1320x1867.jpg 1320w\" sizes=\"(max-width: 1414px) 100vw, 1414px\" \/><\/figure><\/div>\n\n\n<figure class=\"wp-block-gallery has-nested-images columns-default is-cropped wp-block-gallery-1 is-layout-flex wp-block-gallery-is-layout-flex\">\n<figure class=\"wp-block-image size-large\"><img loading=\"lazy\" decoding=\"async\" width=\"724\" height=\"1024\" data-id=\"2258\" src=\"https:\/\/lherbalie.org\/wp-content\/uploads\/2025\/12\/2-1-724x1024.jpg\" alt=\"\" class=\"wp-image-2258\" srcset=\"https:\/\/lherbalie.org\/wp-content\/uploads\/2025\/12\/2-1-724x1024.jpg 724w, https:\/\/lherbalie.org\/wp-content\/uploads\/2025\/12\/2-1-212x300.jpg 212w, https:\/\/lherbalie.org\/wp-content\/uploads\/2025\/12\/2-1-768x1086.jpg 768w, https:\/\/lherbalie.org\/wp-content\/uploads\/2025\/12\/2-1-1086x1536.jpg 1086w, https:\/\/lherbalie.org\/wp-content\/uploads\/2025\/12\/2-1-1024x1448.jpg 1024w, https:\/\/lherbalie.org\/wp-content\/uploads\/2025\/12\/2-1-764x1080.jpg 764w, https:\/\/lherbalie.org\/wp-content\/uploads\/2025\/12\/2-1-1320x1867.jpg 1320w, https:\/\/lherbalie.org\/wp-content\/uploads\/2025\/12\/2-1.jpg 1414w\" sizes=\"(max-width: 724px) 100vw, 724px\" \/><\/figure>\n<\/figure>\n\n\n\n<p class=\"has-medium-font-size\"><strong>THEMATIQUES PILIERS des stages :<\/strong><\/p>\n\n\n\n<ul>\n<li class=\"has-medium-font-size\">LE MOUVEMENT CORPOREL inspir\u00e9 principalement du Yoga Iyengar, de la danse &amp; des arts martiaux &#8211; 2h de pratique quotidienne<\/li>\n\n\n\n<li class=\"has-medium-font-size\">L&rsquo;ALIMENTATION PALEOLITHIQUE, pauvre en glucides<\/li>\n\n\n\n<li class=\"has-medium-font-size\">LE JEUNE total ou intermittent (au choix et selon votre vitalit\u00e9)<\/li>\n\n\n\n<li class=\"has-medium-font-size\">LA MEDITATION \u00ab\u00a0Vipassana\u00a0\u00bb : th\u00e9orie et pratique<\/li>\n\n\n\n<li class=\"has-medium-font-size\">LA RESPIRATION ou circulation de l&rsquo;\u00e9nergie : apaiser, dynamiser ou laisser-faire<\/li>\n\n\n\n<li class=\"has-medium-font-size\">LES ARTS comme outils d&rsquo;expression : danse, dessin, chant<\/li>\n\n\n\n<li class=\"has-medium-font-size\">LE SOMMEIL &#8211; r\u00e9v\u00e9lateur de l&rsquo;\u00e9quilibre du syst\u00e8me nerveux, hormonal &amp; psychique<\/li>\n\n\n\n<li class=\"has-medium-font-size\">LE MASSAGE d&rsquo;inspiration ost\u00e9o-tha\u00ef <\/li>\n\n\n\n<li class=\"has-medium-font-size\">LE DIALOGUE INTERIEUR &#8211; la loi du mental dirige nos vies<\/li>\n\n\n\n<li class=\"has-medium-font-size\">et &#8230;d&rsquo;autres sujets selon les intervenants &amp; les participants!<\/li>\n<\/ul>\n\n\n<div class=\"wp-block-image\">\n<figure class=\"aligncenter size-full\"><img loading=\"lazy\" decoding=\"async\" width=\"129\" height=\"180\" src=\"http:\/\/lherbalie.org\/wp-content\/uploads\/2024\/07\/mu.jpg\" alt=\"\" class=\"wp-image-2116\"\/><\/figure><\/div>\n\n\n<p><strong>PLUS d&rsquo;infos sur demandes, stages limit\u00e9s \u00e0 10 personnes pour assurer une qualit\u00e9 de transmission<\/strong><\/p>\n\n\n\n<p><strong>Tarifs<\/strong> : Frais p\u00e9dagogiques : 400e &#8211;&nbsp;H\u00e9bergement : 150 euros &#8211;&nbsp;(Si) Nourriture : 50 \u00e0 120 euros<\/p>\n\n\n\n<p><strong>Inscription suite \u00e0 un entretien t\u00e9l\u00e9phonique<\/strong> lors duquel votre motivation et vos intentions seront attentivement prisent en compte.<\/p>\n\n\n\n<p><strong>Un bilan de sant\u00e9 sera envisag\u00e9 avant toute intention de je\u00fbner.<\/strong><\/p>\n\n\n\n<p><strong>Le lieu d&rsquo;accueil<\/strong> : https:\/\/www.charousse.fr<\/p>\n\n\n\n<p>Un \u00e9crin de nature &amp; de conscience, au pieds du Vercors, dans un g\u00eete simple, chaleureux et riche des personnes qui y vivent.  <\/p>\n\n\n\n<p><strong>Sentez vous libres de les contacter directement pour plus d&rsquo;informations<\/strong> 04 75 25 49 18<\/p>\n\n\n\n<p class=\"has-text-align-center\">&#8230;&#8230;&#8230;&#8230;&#8230;&#8230;&#8230;.<\/p>\n\n\n\n<figure class=\"wp-block-image size-large\"><img loading=\"lazy\" decoding=\"async\" width=\"724\" height=\"1024\" src=\"http:\/\/lherbalie.org\/wp-content\/uploads\/2025\/12\/1-724x1024.jpg\" alt=\"\" class=\"wp-image-2251\" srcset=\"https:\/\/lherbalie.org\/wp-content\/uploads\/2025\/12\/1-724x1024.jpg 724w, https:\/\/lherbalie.org\/wp-content\/uploads\/2025\/12\/1-212x300.jpg 212w, https:\/\/lherbalie.org\/wp-content\/uploads\/2025\/12\/1-768x1086.jpg 768w, https:\/\/lherbalie.org\/wp-content\/uploads\/2025\/12\/1-1086x1536.jpg 1086w, https:\/\/lherbalie.org\/wp-content\/uploads\/2025\/12\/1-1024x1448.jpg 1024w, https:\/\/lherbalie.org\/wp-content\/uploads\/2025\/12\/1-764x1080.jpg 764w, https:\/\/lherbalie.org\/wp-content\/uploads\/2025\/12\/1-1320x1867.jpg 1320w, https:\/\/lherbalie.org\/wp-content\/uploads\/2025\/12\/1.jpg 1414w\" sizes=\"(max-width: 724px) 100vw, 724px\" \/><\/figure>\n\n\n\n<figure class=\"wp-block-image size-large\"><img loading=\"lazy\" decoding=\"async\" width=\"724\" height=\"1024\" src=\"http:\/\/lherbalie.org\/wp-content\/uploads\/2025\/12\/2-724x1024.jpg\" alt=\"\" class=\"wp-image-2256\" srcset=\"https:\/\/lherbalie.org\/wp-content\/uploads\/2025\/12\/2-724x1024.jpg 724w, https:\/\/lherbalie.org\/wp-content\/uploads\/2025\/12\/2-212x300.jpg 212w, https:\/\/lherbalie.org\/wp-content\/uploads\/2025\/12\/2-768x1086.jpg 768w, https:\/\/lherbalie.org\/wp-content\/uploads\/2025\/12\/2-1086x1536.jpg 1086w, https:\/\/lherbalie.org\/wp-content\/uploads\/2025\/12\/2-1024x1448.jpg 1024w, https:\/\/lherbalie.org\/wp-content\/uploads\/2025\/12\/2-764x1080.jpg 764w, https:\/\/lherbalie.org\/wp-content\/uploads\/2025\/12\/2-1320x1867.jpg 1320w, https:\/\/lherbalie.org\/wp-content\/uploads\/2025\/12\/2.jpg 1414w\" sizes=\"(max-width: 724px) 100vw, 724px\" \/><\/figure>\n","protected":false},"excerpt":{"rendered":"<p>&#8230;. Les s\u00e9jours 2026 THEMATIQUES PILIERS des stages : PLUS d&rsquo;infos sur demandes, stages limit\u00e9s \u00e0 10 personnes pour assurer une qualit\u00e9 de transmission Tarifs : Frais p\u00e9dagogiques : 400e &#8211;&nbsp;H\u00e9bergement : 150 euros &#8211;&nbsp;(Si) Nourriture : 50 \u00e0 120 euros Inscription suite \u00e0 un entretien t\u00e9l\u00e9phonique lors duquel votre motivation et vos intentions seront&hellip; <br \/> <a class=\"button small blue\" href=\"https:\/\/lherbalie.org\/?page_id=1083\">Lire la suite<\/a><\/p>\n","protected":false},"author":1,"featured_media":0,"parent":1041,"menu_order":0,"comment_status":"closed","ping_status":"closed","template":"","meta":{"footnotes":""},"_links":{"self":[{"href":"https:\/\/lherbalie.org\/index.php?rest_route=\/wp\/v2\/pages\/1083"}],"collection":[{"href":"https:\/\/lherbalie.org\/index.php?rest_route=\/wp\/v2\/pages"}],"about":[{"href":"https:\/\/lherbalie.org\/index.php?rest_route=\/wp\/v2\/types\/page"}],"author":[{"embeddable":true,"href":"https:\/\/lherbalie.org\/index.php?rest_route=\/wp\/v2\/users\/1"}],"replies":[{"embeddable":true,"href":"https:\/\/lherbalie.org\/index.php?rest_route=%2Fwp%2Fv2%2Fcomments&post=1083"}],"version-history":[{"count":74,"href":"https:\/\/lherbalie.org\/index.php?rest_route=\/wp\/v2\/pages\/1083\/revisions"}],"predecessor-version":[{"id":2262,"href":"https:\/\/lherbalie.org\/index.php?rest_route=\/wp\/v2\/pages\/1083\/revisions\/2262"}],"up":[{"embeddable":true,"href":"https:\/\/lherbalie.org\/index.php?rest_route=\/wp\/v2\/pages\/1041"}],"wp:attachment":[{"href":"https:\/\/lherbalie.org\/index.php?rest_route=%2Fwp%2Fv2%2Fmedia&parent=1083"}],"curies":[{"name":"wp","href":"https:\/\/api.w.org\/{rel}","templated":true}]}}